55 is divided by 1230.
75
What is the remainder when 216975 is divided by 74?
7
Calculate the remainder when 3158347 is divided by 133.
129
Calculate the remainder when 3955853 is divided by 49.
34
What is the remainder when 76283 is divided by 74?
63
Calculate the remainder when 20319 is divided by 2537.
23
What is the remainder when 5108 is divided by 5077?
31
Calculate the remainder when 15442 is divided by 286.
284
What is the remainder when 9691 is divided by 387?
16
What is the remainder when 16381 is divided by 32?
29
What is the remainder when 2422 is divided by 1240?
1182
Calculate the remainder when 2335 is divided by 1151.
33
What is the remainder when 3615 is divided by 576?
159
What is the remainder when 19501 is divided by 1385?
111
Calculate the remainder when 159298 is divided by 354.
352
What is the remainder when 15896 is divided by 35?
6
What is the remainder when 44176 is divided by 11044?
0
Calculate the remainder when 3455 is divided by 15.
5
What is the remainder when 120484 is divided by 40156?
16
Calculate the remainder when 1095639 is divided by 9.
6
What is the remainder when 811 is divided by 191?
47
What is the remainder when 101905 is divided by 43?
38
Calculate the remainder when 7563 is divided by 78.
75
Calculate the remainder when 542246 is divided by 450.
446
What is the remainder when 172605 is divided by 110?
15
What is the remainder when 5645 is divided by 118?
99
Calculate the remainder when 58636 is divided by 31.
15
What is the remainder when 3328 is divided by 303?
298
What is the remainder when 347758 is divided by 8?
6
Calculate the remainder when 37003 is divided by 452.
391
What is the remainder when 48334 is divided by 116?
78
What is the remainder when 34879 is divided by 2325?
4
What is the remainder when 5648 is divided by 5604?
44
What is the remainder when 4618 is divided by 2299?
20
Calculate the remainder when 10837 is divided by 840.
757
What is the remainder when 7380 is divided by 2430?
90
What is the remainder when 3068 is divided by 2513?
555
Calculate the remainder when 53291 is divided by 27.
20
What is the remainder when 6750 is divided by 25?
0
Calculate the remainder when 470701 is divided by 59.
58
What is the remainder when 1536 is divided by 308?
304
Calculate the remainder when 16050 is divided by 20.
10
Calculate the remainder when 775 is divided by 251.
22
Calculate the remainder when 32425 is divided by 901.
890
Calculate the remainder when 3254 is divided by 352.
86
Calculate the remainder when 2340 is divided by 547.
152
What is the remainder when 7079 is divided by 2821?
1437
Calculate the remainder when 29424 is divided by 76.
12
Calculate the remainder when 14732 is divided by 23.
12
What is the remainder when 3567 is divided by 359?
336
What is the remainder when 540 is divided by 15?
0
Calculate the remainder when 63971 is divided by 1881.
17
Calculate the remainder when 45065 is divided by 58.
57
Calculate the remainder when 7903 is divided by 1315.
13
What is the remainder when 992 is divided by 175?
117
What is the remainder when 6686 is divided by 58?
16
What is the remainder when 14375 is divided by 4709?
248
What is the remainder when 100754 is divided by 23?
14
Calculate the remainder when 21807750 is divided by 561.
558
What is the remainder when 15087 is divided by 796?
759
Calculate the remainder when 5516 is divided by 2727.
62
Calculate the remainder when 19008 is divided by 3765.
183
Calculate the remainder when 955 is divided by 194.
179
Calculate the remainder when 2217 is divided by 532.
89
What is the remainder when 55236 is divided by 5523?
6
Calculate the remainder when 79614 is divided by 154.
150
What is the remainder when 442 is divided by 85?
17
Calculate the remainder when 3803 is divided by 667.
468
Calculate the remainder when 7269 is divided by 303.
300
Calculate the remainder when 92651 is divided by 609.
83
Calculate the remainder when 9595 is divided by 36.
19
What is the remainder when 680835 is divided by 47?
40
Calculate the remainder when 4723 is divided by 522.
25
What is the remainder when 26027 is divided by 108?
107
Calculate the remainder when 32494 is divided by 39.
7
What is the remainder when 136422 is divided by 51?
48
What is the remainder when 8758 is divided by 292?
290
Calculate the remainder when 55757 is divided by 764.
749
What is the remainder when 5106 is divided by 132?
90
What is the remainder when 172769 is divided by 78?
77
Calculate the remainder when 26584 is divided by 2254.
1790
Calculate the remainder when 17591 is divided by 11.
2
What is the remainder when 1190 is divided by 568?
54
Calculate the remainder when 61990 is divided by 223.
219
What is the remainder when 245231 is divided by 1057?
7
What is the remainder when 44009 is divided by 41?
16
What is the remainder when 17310 is divided by 133?
20
What is the remainder when 4637 is divided by 3731?
906
What is the remainder when 90629 is divided by 187?
121
What is the remainder when 7914 is divided by 167?
65
What is the remainder when 2070424 is divided by 690140?
4
What is the remainder when 30143 is divided by 3?
2
What is the remainder when 91491 is divided by 762?
51
Calculate the remainder when 142224 is divided by 508.
492
What is the remainder when 12589 is divided by 6294?
1
Calculate the remainder when 18799 is divided by 4696.
15
What is the remainder when 680 is divided by 486?
194
Calculate the remainder when 43061 is divided by 289.
0
Calculate the remainder when 14477 is divided by 1010.
337
Calculate the remainder when 31540 is divided by 7882.
12
What is the remainder when 5398 is divided by 82?
68
Calculate the remainder when 5731 is divided by 9.
7
What is the remainder when 14286 is divided by 4324?
1314
What is the remainder when 120553 is divided by 1402?
1383
What is the remainder when 43803 is divided by 32?
27
Calculate the remainder when 326943 is divided by 1176.
15
What is the remainder when 1490 is divided by 124?
2
Calculate the remainder when 344196 is divided by 10.
6
What is the remainder when 9207 is divided by 38?
11
Calculate the remainder when 58602 is divided by 98.
96
Calculate the remainder when 5844 is divided by 1947.
3
Calculate the remainder when 43450 is divided by 21668.
114
What is the remainder when 3918 is divided by 185?
33
What is the remainder when 1934589 is divided by 58?
57
What is the remainder when 14580 is divided by 3643?
8
What is the remainder when 5078 is divided by 41?
35
Calculate the remainder when 39357 is divided by 281.
17
What is the remainder when 371544 is divided by 6755?
19
What is the remainder when 9322 is divided by 34?
6
Calculate the remainder when 9654 is divided by 210.
204
What is the remainder when 4594 is divided by 89?
55
What is the remainder when 2421 is divided by 56?
13
What is the remainder when 10973 is divided by 287?
67
Calculate the remainder when 5511 is divided by 173.
148
What is the remainder when 83060 is divided by 349?
347
Calculate the remainder when 76452 is divided by 7.
5
What is the remainder when 125114 is divided by 174?
8
What is the remainder when 127125 is divided by 57?
15
What is the remainder when 11797 is divided by 1088?
917
What is the remainder when 248304 is divided by 776?
760
Calculate the remainder when 13831 is divided by 612.
367
What is the remainder when 57477 is divided by 11494?
7
What is the remainder when 242681 is divided by 1024?
1017
What is the remainder when 12633 is divided by 504?
33
What is the remainder when 42115 is divided by 1053?
1048
Calculate the remainder when 169650 is divided by 4.
2
Calculate the remainder when 786 is divided by 194.
10
What is the remainder when 6278 is divided by 298?
20
What is the remainder when 141508 is divided by 178?
176
Calculate the remainder when 6515 is divided by 28.
19
Calculate the remainder when 891 is divided by 110.
11
What is the remainder when 624151 is divided by 599?
592
What is the remainder when 3427 is divided by 1122?
61
What is the remainder when 419432 is divided by 104855?
12
What is the remainder when 3127 is divided by 338?
85
Calculate the remainder when 4695568 is divided by 1705.
1703
What is the remainder when 38457 is divided by 42?
27
What is the 